331 prime?
False
Is 375461 a composite number?
True
Is 28019 prime?
True
Is 443 a composite number?
False
Is 121269 a composite number?
True
Is 4385 composite?
True
Is 1641457 a prime number?
True
Is 4427 a composite number?
True
Is 57487 a composite number?
False
Is 50749 composite?
True
Is 289097 composite?
True
Is 3642673 a prime number?
True
Is 2743 a prime number?
False
Is 5772527 a prime number?
True
Is 3719 composite?
False
Is 18839 a prime number?
True
Is 22543 a composite number?
False
Is 9311 a prime number?
True
Is 49771 prime?
False
Is 133465 prime?
False
Is 13863 a prime number?
False
Is 18947 a prime number?
True
Is 813149 a prime number?
False
Is 14163 composite?
True
Is 49111 composite?
True
Is 23531 prime?
True
Is 39503 prime?
True
Is 529411 a composite number?
False
Is 27239 a composite number?
False
Is 46381 composite?
False
Is 8461 a composite number?
False
Is 922451 prime?
True
Is 395491 a composite number?
False
Is 3433 prime?
True
Is 16183 a prime number?
True
Is 9617 a prime number?
False
Is 1119553 composite?
True
Is 472547 composite?
True
Is 11283 composite?
True
Is 6349 a composite number?
True
Is 864355 composite?
True
Is 9311 prime?
True
Is 127831 composite?
True
Is 4111 prime?
True
Is 10499 composite?
False
Is 90353 prime?
True
Is 23159 prime?
True
Is 721919 a prime number?
False
Is 5923 prime?
True
Is 18947 a composite number?
False
Is 1304411 prime?
True
Is 731 a composite number?
True
Is 259793 a prime number?
False
Is 10874 a prime number?
False
Is 399099 composite?
True
Is 1542947 prime?
False
Is 65957 composite?
False
Is 5873 a composite number?
True
Is 526389 a composite number?
True
Is 64057 a prime number?
False
Is 285179 composite?
False
Is 6122 prime?
False
Is 2119 a composite number?
True
Is 381791 composite?
False
Is 22681 a composite number?
True
Is 105153 a composite number?
True
Is 8779 a prime number?
True
Is 237959 a prime number?
True
Is 862 prime?
False
Is 13047 composite?
True
Is 124205 composite?
True
Is 9239 prime?
True
Is 21851 a composite number?
False
Is 513041 a composite number?
False
Is 1198 prime?
False
Is 611287 a composite number?
True
Is 61345 a prime number?
False
Is 2446 a composite number?
True
Is 2207 composite?
False
Is 917 a composite number?
True
Is 45785 a composite number?
True
Is 42179 a prime number?
True
Is 141 prime?
False
Is 517013 a prime number?
False
Is 1817 composite?
True
Is 68351 a composite number?
False
Is 1837 a prime number?
False
Is 406081 a prime number?
False
Is 3833 a prime number?
True
Is 19301 prime?
True
Is 336029 composite?
False
Is 2723 composite?
True
Is 316205 composite?
True
Is 67477 composite?
False
Is 1561559 composite?
False
Is 821 a prime number?
True
Is 117833 a composite number?
False
Is 188813 a composite number?
True
Is 45379 composite?
True
Is 14977 prime?
False
Is 1069 a composite number?
False
Is 32297 a prime number?
True
Is 56081 prime?
True
Is 31601 prime?
True
Is 11617 composite?
False
Is 1315 composite?
True
Is 1777 composite?
False
Is 1177859 a prime number?
True
Is 15383 prime?
True
Is 185947 a composite number?
False
Is 1762031 a composite number?
False
Is 49103 composite?
False
Is 4889 composite?
False
Is 2917 composite?
False
Is 26599 prime?
False
Is 18883 a composite number?
True
Is 9521 a prime number?
True
Is 208991 a prime number?
True
Is 243233 composite?
False
Is 260503 a composite number?
True
Is 1978313 a prime number?
True
Is 1070621 a prime number?
True
Is 273237 a composite number?
True
Is 1982191 composite?
False
Is 16033 a composite number?
False
Is 195881 composite?
True
Is 42027 composite?
True
Is 521 a composite number?
False
Is 2443 prime?
False
Is 192189 a prime number?
False
Is 9121 prime?
False
Is 10007 a composite number?
False
Is 7255 a composite number?
True
Is 5998 prime?
False
Is 155945 a composite number?
True
Is 5354 a composite number?
True
Is 11437 composite?
False
Is 91801 a composite number?
False
Is 1919 a composite number?
True
Is 18839 a composite number?
False
Is 12517 composite?
False
Is 29629 a composite number?
False
Is 1571 a prime number?
True
Is 27767 composite?
False
Is 23314 composite?
True
Is 29597 prime?
False
Is 30881 composite?
False
Is 179313 a prime number?
False
Is 716063 a composite number?
False
Is 28889 a composite number?
True
Is 143483 a prime number?
True
Is 4179614 prime?
False
Is 2455517 composite?
True
Is 190181 a composite number?
False
Is 20279 prime?
False
Is 4177 a prime number?
True
Is 69691 prime?
True
Is 10007 a composite number?
False
Is 25091 a prime number?
False
Is 54751 prime?
True
Is 23663 composite?
False
Is 22769 prime?
True
Is 306973 a composite number?
True
Is 28703 a composite number?
False
Is 113093 composite?
False
Is 12037 a prime number?
True
Is 741641 a composite number?
False
Is 8587 a composite number?
True
Is 3065765 composite?
True
Is 7401 a prime number?
False
Is 146 prime?
False
Is 127 prime?
True
Is 3989 prime?
True
Is 567053 a composite number?
False
Is 32849 a prime number?
False
Is 6557 a composite number?
True
Is 272437 prime?
False
Is 67813 a prime number?
False
Is 80267 composite?
True
Is 24239 a prime number?
True
Is 13199 composite?
True
Is 5911 a composite number?
True
Is 2317 a prime number?
False
Is 8049 a prime number?
False
Is 144277 composite?
True
Is 1564543 a composite number?
False
Is 16663 a composite number?
True
Is 399751 a composite number?
True
Is 577859 prime?
False
Is 583 a composite number?
True
Is 7773 a prime number?
False
Is 14453 a composite number?
True
Is 1399 prime?
True
Is 52843 prime?
False
Is 233293 a composite number?
False
Is 491159 a composite number?
False
Is 52853 a prime number?
False
Is 1481 a composite number?
False
Is 176041 a prime number?
True
Is 317321 prime?
True
Is 4291 a prime number?
False
Is 140977 composite?
False
Is 15131 composite?
False
Is 1751 prime?
False
Is 2613899 a composite number?
False
Is 31591 prime?
False
Is 1689 composite?
True
Is 85471 a prime number?
False
Is 101021 a prime number?
True
Is 893967 a composite number?
True
Is 3132215 a prime number?
False
Is 109199 a prime number?
True
Is 4091 prime?
True
Is 125681 composite?
True
Is 878891 prime?
False
Is 45641 prime?
True
Is 17254 a prime number?
False
Is 2850037 a prime number?
True
Is 14395 a prime number?
False
Is 1259 a composite number?
False
Is 1070339 composite?
False
Is 82871 a composite number?
True
Is 70199 composite?
False
Is 66553 composite?
False
Is 30986 composite?
True
Is 17197 a prime number?
False
Is 4151 a composite number?
True
Is 181499 a composite number?
False
Is 87695 a composite number?
True
Is 1155569 a prime number?
True
Is 24751 composite?
True
Is 3299 composite?
False
Is 5971 a composite number?
True
Is 4031 prime?
False
Is 530753 prime?
True
Is 13259 prime?
True
Is 73399 a composite number?
True
Is 50489 a composite number?
True
Is 257453 a composite number?
True
Is 31301 a prime number?
False
Is 28642 a prime number?
False
Is 4783 prime?
True
Is 974707 a composite number?
False
Is 649 a composite number?
True
Is 94571 a composite number?
True
Is 6389 a composite number?
False
Is 9673 composite?
True
Is 19693 prime?
False
Is 12007 a prime number?
True
Is 20563 a composite number?
False
Is 3967 composite?
False
Is 1502 a composite number?
True
Is 189683 composite?
True
Is 36523 composite?
False
Is 13567 a prime number?
True
Is 89753 a composite number?
False
Is 12601 a prime number?
True
Is 10213 prime?
False
Is 121807 composite?
True
Is 1938553 a composite number?
False
Is 763183 a prime number?
True
Is 74123 composite?
True
Is 54371 a composite number?
False
Is 22433 a composite number?
False
Is 124427 a composite number?
False
Is 8654 a composite number?
True
Is 31553 composite?
True
Is 1361677 prime?
True
Is 41105 a composite number?
True
Is 1829873 prime?
True
Is 119649 prime?
False
Is 8039 composite?
False
Is 3089 composite?
False
Is 4139 a composite number?
False
Is 51938 a prime number?
False
Is 97993 a prime number?
False
Is 138019 composite?
True
Is 7583 a prime number?
True
Is 317567 a composite number?
True
Is 64837 a composite number?
True
Is 92749 a composite number?
True
Is 62549 a prime number?
True
Is 865279 a composite number?
True
Is 721307 a prime number?
True
Is 10517